[INFO] fetching crate dataloader 0.12.0...
[INFO] checking dataloader-0.12.0 against master#af3c6e733a40e671550e0f0f5aeecaa13772ba56 for pr-74989
[INFO] extracting crate dataloader 0.12.0 into /workspace/builds/worker-6/source
[INFO] validating manifest of crates.io crate dataloader 0.12.0 on toolchain af3c6e733a40e671550e0f0f5aeecaa13772ba56
[INFO] running `Command { std: "/workspace/cargo-home/bin/cargo" "+af3c6e733a40e671550e0f0f5aeecaa13772ba56" "read-manifest" "--manifest-path" "Cargo.toml", kill_on_drop: false }`
[INFO] started tweaking crates.io crate dataloader 0.12.0
[INFO] finished tweaking crates.io crate dataloader 0.12.0
[INFO] tweaked toml for crates.io crate dataloader 0.12.0 written to /workspace/builds/worker-6/source/Cargo.toml
[INFO] crate crates.io crate dataloader 0.12.0 already has a lockfile, it will not be regenerated
[INFO] running `Command { std: "/workspace/cargo-home/bin/cargo" "+af3c6e733a40e671550e0f0f5aeecaa13772ba56" "fetch" "--locked" "--manifest-path" "Cargo.toml", kill_on_drop: false }`
[INFO] running `Command { std: "docker" "create" "-v" "/var/lib/crater-agent-workspace/builds/worker-6/target:/opt/rustwide/target:rw,Z" "-v" "/var/lib/crater-agent-workspace/builds/worker-6/source:/opt/rustwide/workdir:ro,Z" "-v" "/var/lib/crater-agent-workspace/cargo-home:/opt/rustwide/cargo-home:ro,Z" "-v" "/var/lib/crater-agent-workspace/rustup-home:/opt/rustwide/rustup-home:ro,Z" "-e" "SOURCE_DIR=/opt/rustwide/workdir" "-e" "CARGO_TARGET_DIR=/opt/rustwide/target" "-e" "CARGO_HOME=/opt/rustwide/cargo-home" "-e" "RUSTUP_HOME=/opt/rustwide/rustup-home" "-w" "/opt/rustwide/workdir" "-m" "1610612736" "--user" "0:0" "--network" "none" "rustops/crates-build-env@sha256:d92eaeed33fa75130ca1ee6c8a01d1ffb62bac859dfdfb3450e3e5d1c0146529" "/opt/rustwide/cargo-home/bin/cargo" "+af3c6e733a40e671550e0f0f5aeecaa13772ba56" "metadata" "--no-deps" "--format-version=1", kill_on_drop: false }`
[INFO] [stdout] acd27a03706134adedede091bbdd01eca78328d8ff4d0cf9e48708a32156c2a3
[INFO] [stderr] WARNING: Your kernel does not support swap limit capabilities or the cgroup is not mounted. Memory limited without swap.
[INFO] running `Command { std: "docker" "start" "-a" "acd27a03706134adedede091bbdd01eca78328d8ff4d0cf9e48708a32156c2a3", kill_on_drop: false }`
[INFO] running `Command { std: "docker" "inspect" "acd27a03706134adedede091bbdd01eca78328d8ff4d0cf9e48708a32156c2a3", kill_on_drop: false }`
[INFO] running `Command { std: "docker" "rm" "-f" "acd27a03706134adedede091bbdd01eca78328d8ff4d0cf9e48708a32156c2a3", kill_on_drop: false }`
[INFO] [stdout] acd27a03706134adedede091bbdd01eca78328d8ff4d0cf9e48708a32156c2a3
[INFO] running `Command { std: "docker" "create" "-v" "/var/lib/crater-agent-workspace/builds/worker-6/target:/opt/rustwide/target:rw,Z" "-v" "/var/lib/crater-agent-workspace/builds/worker-6/source:/opt/rustwide/workdir:ro,Z" "-v" "/var/lib/crater-agent-workspace/cargo-home:/opt/rustwide/cargo-home:ro,Z" "-v" "/var/lib/crater-agent-workspace/rustup-home:/opt/rustwide/rustup-home:ro,Z" "-e" "SOURCE_DIR=/opt/rustwide/workdir" "-e" "CARGO_TARGET_DIR=/opt/rustwide/target" "-e" "CARGO_INCREMENTAL=0" "-e" "RUST_BACKTRACE=full" "-e" "RUSTFLAGS=--cap-lints=forbid" "-e" "CARGO_HOME=/opt/rustwide/cargo-home" "-e" "RUSTUP_HOME=/opt/rustwide/rustup-home" "-w" "/opt/rustwide/workdir" "-m" "1610612736" "--user" "0:0" "--network" "none" "rustops/crates-build-env@sha256:d92eaeed33fa75130ca1ee6c8a01d1ffb62bac859dfdfb3450e3e5d1c0146529" "/opt/rustwide/cargo-home/bin/cargo" "+af3c6e733a40e671550e0f0f5aeecaa13772ba56" "check" "--frozen" "--all" "--all-targets" "--message-format=json", kill_on_drop: false }`
[INFO] [stdout] ae328228b213a7b7a3d0ba107605cf2a8cc7ad6b1750fc6bc9d2e9cba0ab68af
[INFO] [stderr] WARNING: Your kernel does not support swap limit capabilities or the cgroup is not mounted. Memory limited without swap.
[INFO] running `Command { std: "docker" "start" "-a" "ae328228b213a7b7a3d0ba107605cf2a8cc7ad6b1750fc6bc9d2e9cba0ab68af", kill_on_drop: false }`
[INFO] [stderr]    Compiling libc v0.2.68
[INFO] [stderr]    Compiling memchr v2.3.3
[INFO] [stderr]    Compiling proc-macro2 v1.0.9
[INFO] [stderr]    Compiling syn v1.0.17
[INFO] [stderr]    Compiling cc v1.0.50
[INFO] [stderr]    Compiling proc-macro2 v0.4.30
[INFO] [stderr]    Compiling failure_derive v0.1.7
[INFO] [stderr]    Compiling regex-syntax v0.6.17
[INFO] [stderr]    Compiling syn v0.15.44
[INFO] [stderr]     Checking futures-core v0.3.4
[INFO] [stderr]    Compiling log v0.4.8
[INFO] [stderr]     Checking smallvec v1.2.0
[INFO] [stderr]     Checking futures-io v0.3.4
[INFO] [stderr]    Compiling proc-macro-nested v0.1.4
[INFO] [stderr]     Checking pin-utils v0.1.0-alpha.4
[INFO] [stderr]    Compiling serde v1.0.105
[INFO] [stderr]     Checking ppv-lite86 v0.2.6
[INFO] [stderr]    Compiling ryu v1.0.3
[INFO] [stderr]    Compiling strsim v0.7.0
[INFO] [stderr]    Compiling rustc-demangle v0.1.16
[INFO] [stderr]     Checking futures-sink v0.3.4
[INFO] [stderr]    Compiling proc-macro-hack v0.5.14
[INFO] [stderr]    Compiling void v1.0.2
[INFO] [stderr]    Compiling fnv v1.0.6
[INFO] [stderr]    Compiling either v1.5.3
[INFO] [stderr]     Checking futures-task v0.3.4
[INFO] [stderr]    Compiling ascii v0.9.3
[INFO] [stderr]     Checking itoa v0.4.5
[INFO] [stderr]    Compiling anyhow v1.0.27
[INFO] [stderr]     Checking once_cell v1.3.1
[INFO] [stderr]     Checking linked-hash-map v0.5.2
[INFO] [stderr]     Checking pin-project-lite v0.1.4
[INFO] [stderr]     Checking hex v0.3.2
[INFO] [stderr]     Checking futures-timer v2.0.2
[INFO] [stderr]     Checking base64 v0.12.0
[INFO] [stderr]    Compiling num-traits v0.2.11
[INFO] [stderr]    Compiling memoffset v0.5.4
[INFO] [stderr]    Compiling num-integer v0.1.42
[INFO] [stderr]    Compiling crossbeam-epoch v0.8.2
[INFO] [stderr]    Compiling indexmap v1.3.2
[INFO] [stderr]     Checking thread_local v1.0.1
[INFO] [stderr]     Checking tracing-core v0.1.10
[INFO] [stderr]     Checking lock_api v0.3.3
[INFO] [stderr]     Checking unicode-normalization v0.1.12
[INFO] [stderr]    Compiling unreachable v1.0.0
[INFO] [stderr]     Checking futures-channel v0.3.4
[INFO] [stderr]     Checking itertools v0.9.0
[INFO] [stderr]     Checking http v0.2.1
[INFO] [stderr]    Compiling byteorder v1.3.4
[INFO] [stderr]    Compiling aho-corasick v0.7.10
[INFO] [stderr]     Checking kv-log-macro v1.0.4
[INFO] [stderr]    Compiling combine v3.8.1
[INFO] [stderr]     Checking crossbeam-channel v0.4.2
[INFO] [stderr]     Checking getrandom v0.1.14
[INFO] [stderr]     Checking iovec v0.1.4
[INFO] [stderr]     Checking time v0.1.42
[INFO] [stderr]     Checking net2 v0.2.33
[INFO] [stderr]     Checking async-task v1.3.1
[INFO] [stderr]     Checking rand v0.4.6
[INFO] [stderr]     Checking parking_lot_core v0.7.0
[INFO] [stderr]     Checking num_cpus v1.12.0
[INFO] [stderr]    Compiling quote v1.0.3
[INFO] [stderr]     Checking idna v0.2.0
[INFO] [stderr]    Compiling quote v0.6.13
[INFO] [stderr]    Compiling backtrace-sys v0.1.34
[INFO] [stderr]     Checking rand_core v0.5.1
[INFO] [stderr]     Checking mio v0.6.21
[INFO] [stderr]    Compiling regex v1.3.5
[INFO] [stderr]     Checking parking_lot v0.10.0
[INFO] [stderr]     Checking url v2.1.1
[INFO] [stderr]     Checking crossbeam-deque v0.7.3
[INFO] [stderr]     Checking rand_chacha v0.2.2
[INFO] [stderr]     Checking tempdir v0.3.7
[INFO] [stderr]     Checking chrono v0.4.11
[INFO] [stderr]     Checking mio-uds v0.6.7
[INFO] [stderr]     Checking rand v0.7.3
[INFO] [stderr]    Compiling backtrace v0.3.45
[INFO] [stderr]     Checking async-std v1.5.0
[INFO] [stderr]    Compiling parse-zoneinfo v0.2.1
[INFO] [stderr]    Compiling Inflector v0.11.4
[INFO] [stderr]    Compiling chrono-tz v0.5.1
[INFO] [stderr]     Checking serde_json v1.0.48
[INFO] [stderr]     Checking bson v0.14.1
[INFO] [stderr]    Compiling darling_core v0.9.0
[INFO] [stderr]    Compiling synstructure v0.12.3
[INFO] [stderr]    Compiling futures-macro v0.3.4
[INFO] [stderr]    Compiling thiserror-impl v1.0.13
[INFO] [stderr]    Compiling tracing-attributes v0.1.7
[INFO] [stderr]    Compiling async-trait v0.1.26
[INFO] [stderr]    Compiling serde_derive v1.0.105
[INFO] [stderr]    Compiling darling_macro v0.9.0
[INFO] [stderr]    Compiling failure v0.1.7
[INFO] [stderr]     Checking graphql-parser v0.2.3
[INFO] [stderr]    Compiling darling v0.9.0
[INFO] [stderr]    Compiling dummy v0.3.0
[INFO] [stderr]     Checking futures-util v0.3.4
[INFO] [stderr]     Checking tracing v0.1.13
[INFO] [stderr]     Checking thiserror v1.0.13
[INFO] [stderr]     Checking dataloader v0.12.0 (/opt/rustwide/workdir)
[INFO] [stderr]     Checking fake v2.2.0
[INFO] [stderr]     Checking futures-executor v0.3.4
[INFO] [stderr]     Checking futures v0.3.1
[INFO] [stderr]    Compiling async-graphql-derive v1.9.24
[INFO] [stderr]     Checking async-graphql v1.9.24
[INFO] [stdout] error[E0432]: unresolved import `juniper`
[INFO] [stdout]  --> examples/juniper.rs:8:5
[INFO] [stdout]   |
[INFO] [stdout] 8 | use juniper;
[INFO] [stdout]   |     ^^^^^^^ no `juniper` external crate
[INFO] [stdout] 
[INFO] [stdout] 
[INFO] [stdout] error: cannot determine resolution for the attribute macro `juniper::graphql_object`
[INFO] [stdout]   --> examples/juniper.rs:47:3
[INFO] [stdout]    |
[INFO] [stdout] 47 | #[juniper::graphql_object(Context = AppContext)]
[INFO] [stdout]    |   ^^^^^^^^^^^^^^^^^^^^^^^
[INFO] [stdout]    |
[INFO] [stdout]    = note: import resolution is stuck, try simplifying macro imports
[INFO] [stdout] 
[INFO] [stdout] 
[INFO] [stdout] error: cannot determine resolution for the attribute macro `juniper::graphql_object`
[INFO] [stdout]   --> examples/juniper.rs:71:3
[INFO] [stdout]    |
[INFO] [stdout] 71 | #[juniper::graphql_object(Context = AppContext)]
[INFO] [stdout]    |   ^^^^^^^^^^^^^^^^^^^^^^^
[INFO] [stdout]    |
[INFO] [stdout]    = note: import resolution is stuck, try simplifying macro imports
[INFO] [stdout] 
[INFO] [stdout] 
[INFO] [stdout] error: cannot determine resolution for the attribute macro `juniper::graphql_object`
[INFO] [stdout]   --> examples/juniper.rs:99:3
[INFO] [stdout]    |
[INFO] [stdout] 99 | #[juniper::graphql_object(Context = AppContext)]
[INFO] [stdout]    |   ^^^^^^^^^^^^^^^^^^^^^^^
[INFO] [stdout]    |
[INFO] [stdout]    = note: import resolution is stuck, try simplifying macro imports
[INFO] [stdout] 
[INFO] [stdout] 
[INFO] [stdout] error[E0412]: cannot find type `FieldResult` in this scope
[INFO] [stdout]   --> examples/juniper.rs:49:48
[INFO] [stdout]    |
[INFO] [stdout] 49 |     async fn persons(_context: &AppContext) -> FieldResult<Vec<Person>> {
[INFO] [stdout]    |                                                ^^^^^^^^^^^ not found in this scope
[INFO] [stdout]    |
[INFO] [stdout] help: consider importing this type alias
[INFO] [stdout]    |
[INFO] [stdout] 1  | use async_graphql::FieldResult;
[INFO] [stdout]    |
[INFO] [stdout] 
[INFO] [stdout] 
[INFO] [stdout] error[E0412]: cannot find type `EmptyMutation` in this scope
[INFO] [stdout]   --> examples/juniper.rs:59:49
[INFO] [stdout]    |
[INFO] [stdout] 59 | type Schema = juniper::RootNode<'static, Query, EmptyMutation<AppContext>>;
[INFO] [stdout]    |                                                 ^^^^^^^^^^^^^ not found in this scope
[INFO] [stdout]    |
[INFO] [stdout] help: consider importing this struct
[INFO] [stdout]    |
[INFO] [stdout] 1  | use async_graphql::EmptyMutation;
[INFO] [stdout]    |
[INFO] [stdout] 
[INFO] [stdout] 
[INFO] [stdout] error[E0412]: cannot find type `FieldResult` in this scope
[INFO] [stdout]   --> examples/juniper.rs:81:51
[INFO] [stdout]    |
[INFO] [stdout] 81 |     pub async fn cult(&self, ctx: &AppContext) -> FieldResult<Option<Cult>> {
[INFO] [stdout]    |                                                   ^^^^^^^^^^^ not found in this scope
[INFO] [stdout]    |
[INFO] [stdout] help: consider importing this type alias
[INFO] [stdout]    |
[INFO] [stdout] 1  | use async_graphql::FieldResult;
[INFO] [stdout]    |
[INFO] [stdout] 
[INFO] [stdout] 
[INFO] [stdout] error[E0433]: failed to resolve: use of undeclared type or module `EmptyMutation`
[INFO] [stdout]    --> examples/juniper.rs:112:37
[INFO] [stdout]     |
[INFO] [stdout] 112 |     let schema = Schema::new(Query, EmptyMutation::new());
[INFO] [stdout]     |                                     ^^^^^^^^^^^^^ not found in this scope
[INFO] [stdout]     |
[INFO] [stdout] help: consider importing this struct
[INFO] [stdout]     |
[INFO] [stdout] 1   | use async_graphql::EmptyMutation;
[INFO] [stdout]     |
[INFO] [stdout] 
[INFO] [stdout] 
[INFO] [stdout] error[E0433]: failed to resolve: use of undeclared type or module `Variables`
[INFO] [stdout]    --> examples/juniper.rs:113:16
[INFO] [stdout]     |
[INFO] [stdout] 113 |     let vars = Variables::new();
[INFO] [stdout]     |                ^^^^^^^^^ not found in this scope
[INFO] [stdout]     |
[INFO] [stdout] help: consider importing this struct
[INFO] [stdout]     |
[INFO] [stdout] 1   | use async_graphql::Variables;
[INFO] [stdout]     |
[INFO] [stdout] 
[INFO] [stdout] 
[INFO] [stdout] error: aborting due to 9 previous errors
[INFO] [stdout] 
[INFO] [stdout] 
[INFO] [stdout] Some errors have detailed explanations: E0412, E0432, E0433.
[INFO] [stdout] 
[INFO] [stdout] For more information about an error, try `rustc --explain E0412`.
[INFO] [stdout] 
[INFO] [stderr] error: could not compile `dataloader`.
[INFO] [stderr] 
[INFO] [stderr] To learn more, run the command again with --verbose.
[INFO] [stderr] warning: build failed, waiting for other jobs to finish...
[INFO] [stderr] error: build failed
[INFO] running `Command { std: "docker" "inspect" "ae328228b213a7b7a3d0ba107605cf2a8cc7ad6b1750fc6bc9d2e9cba0ab68af", kill_on_drop: false }`
[INFO] running `Command { std: "docker" "rm" "-f" "ae328228b213a7b7a3d0ba107605cf2a8cc7ad6b1750fc6bc9d2e9cba0ab68af", kill_on_drop: false }`
[INFO] [stdout] ae328228b213a7b7a3d0ba107605cf2a8cc7ad6b1750fc6bc9d2e9cba0ab68af
